{"id":191,"date":"2023-04-06T00:48:45","date_gmt":"2023-04-05T22:48:45","guid":{"rendered":"https:\/\/dawidnow.whshost.com\/Fitoterapia\/?page_id=191"},"modified":"2023-04-06T01:25:15","modified_gmt":"2023-04-05T23:25:15","slug":"jak-sie-badac","status":"publish","type":"page","link":"https:\/\/dawidnow.whshost.com\/Fitoterapia\/jak-sie-badac\/","title":{"rendered":"Jak si\u0119 bada\u0107?"},"content":{"rendered":"\n<p>Najbardziej popularn\u0105 metod\u0105 diagnozowania paso\u017cyt\u00f3w wewn\u0119trznych jest pobranie 3 pr\u00f3bek ka\u0142u w odst\u0119pach 2 do 3 dni, aby m\u00f3c wykry\u0107 w nich DNA glisty za pomoc\u0105 metody PCR. Oko\u0142o 3 tygodni po zako\u0144czonej kuracji dobrze jest ponownie wykona\u0107 badanie. <\/p>\n\n\n<div class=\"wp-block-image\">\n<figure class=\"aligncenter size-full is-resized\"><img loading=\"lazy\" decoding=\"async\" src=\"https:\/\/dawidnow.whshost.com\/Fitoterapia\/wp-content\/uploads\/2023\/04\/Badanie-kalu.jpg\" alt=\"\" class=\"wp-image-199\" width=\"444\" height=\"444\" srcset=\"https:\/\/dawidnow.whshost.com\/Fitoterapia\/wp-content\/uploads\/2023\/04\/Badanie-kalu.jpg 800w, https:\/\/dawidnow.whshost.com\/Fitoterapia\/wp-content\/uploads\/2023\/04\/Badanie-kalu-300x300.jpg 300w, https:\/\/dawidnow.whshost.com\/Fitoterapia\/wp-content\/uploads\/2023\/04\/Badanie-kalu-150x150.jpg 150w, https:\/\/dawidnow.whshost.com\/Fitoterapia\/wp-content\/uploads\/2023\/04\/Badanie-kalu-768x768.jpg 768w\" sizes=\"auto, (max-width: 444px) 100vw, 444px\" \/><\/figure>\n<\/div>\n\n\n<p>Mo\u017cna r\u00f3wnie\u017c wykona\u0107 test krwi g\u0142\u00f3wnie w kierunku eozynofilii i pomiaru st\u0119\u017cenia przeciwcia\u0142 kategorii IgE. <\/p>\n\n\n<div class=\"wp-block-image\">\n<figure class=\"aligncenter size-full\"><img loading=\"lazy\" decoding=\"async\" width=\"450\" height=\"300\" src=\"https:\/\/dawidnow.whshost.com\/Fitoterapia\/wp-content\/uploads\/2023\/04\/probka-krwi.jpg\" alt=\"\" class=\"wp-image-201\" srcset=\"https:\/\/dawidnow.whshost.com\/Fitoterapia\/wp-content\/uploads\/2023\/04\/probka-krwi.jpg 450w, https:\/\/dawidnow.whshost.com\/Fitoterapia\/wp-content\/uploads\/2023\/04\/probka-krwi-300x200.jpg 300w\" sizes=\"auto, (max-width: 450px) 100vw, 450px\" \/><\/figure>\n<\/div>\n\n\n<p>W celu wykrycia owsik\u00f3w warto wykona\u0107 wymaz z odbytu co najmniej dwa razy w odst\u0119pie jednego do trzech dni. Do wykrycia paso\u017cyt\u00f3w zewn\u0119trznych wykonuje si\u0119 badanie mikroskopowe zeskrobin sk\u00f3ry. Tak pobrany materia\u0142 jest oceniany mikroskopowo pod k\u0105tem wyst\u0119powania r\u00f3\u017cnych postaci rozwojowych.<\/p>\n","protected":false},"excerpt":{"rendered":"<p>Najbardziej popularn\u0105 metod\u0105 diagnozowania paso\u017cyt\u00f3w wewn\u0119trznych jest pobranie 3 pr\u00f3bek ka\u0142u w odst\u0119pach 2 do&#8230;<\/p>\n","protected":false},"author":1,"featured_media":0,"parent":0,"menu_order":0,"comment_status":"closed","ping_status":"closed","template":"","meta":{"footnotes":""},"class_list":["post-191","page","type-page","status-publish","hentry"],"_links":{"self":[{"href":"https:\/\/dawidnow.whshost.com\/Fitoterapia\/wp-json\/wp\/v2\/pages\/191","targetHints":{"allow":["GET"]}}],"collection":[{"href":"https:\/\/dawidnow.whshost.com\/Fitoterapia\/wp-json\/wp\/v2\/pages"}],"about":[{"href":"https:\/\/dawidnow.whshost.com\/Fitoterapia\/wp-json\/wp\/v2\/types\/page"}],"author":[{"embeddable":true,"href":"https:\/\/dawidnow.whshost.com\/Fitoterapia\/wp-json\/wp\/v2\/users\/1"}],"replies":[{"embeddable":true,"href":"https:\/\/dawidnow.whshost.com\/Fitoterapia\/wp-json\/wp\/v2\/comments?post=191"}],"version-history":[{"count":3,"href":"https:\/\/dawidnow.whshost.com\/Fitoterapia\/wp-json\/wp\/v2\/pages\/191\/revisions"}],"predecessor-version":[{"id":202,"href":"https:\/\/dawidnow.whshost.com\/Fitoterapia\/wp-json\/wp\/v2\/pages\/191\/revisions\/202"}],"wp:attachment":[{"href":"https:\/\/dawidnow.whshost.com\/Fitoterapia\/wp-json\/wp\/v2\/media?parent=191"}],"curies":[{"name":"wp","href":"https:\/\/api.w.org\/{rel}","templated":true}]}}