{"id":117,"date":"2023-04-05T19:02:25","date_gmt":"2023-04-05T17:02:25","guid":{"rendered":"https:\/\/dawidnow.whshost.com\/Fitoterapia\/?page_id=117"},"modified":"2023-04-06T23:16:28","modified_gmt":"2023-04-06T21:16:28","slug":"wrotycz-pospolity","status":"publish","type":"page","link":"https:\/\/dawidnow.whshost.com\/Fitoterapia\/wrotycz-pospolity\/","title":{"rendered":"Wrotycz pospolity"},"content":{"rendered":"\n<p>Wrotycz pospolity to bylina nale\u017c\u0105ca do rodziny Asteraceae, kt\u00f3ra jest ro\u015blin\u0105 lecznicz\u0105 z d\u0142ug\u0105 histori\u0105 w medycynie ludowej. Ro\u015blina ta ma silny korzenny zapach. Osi\u0105ga do 160cm wysoko\u015bci. Posiada silne \u0142odygi zako\u0144czone z\u0142ocisto\u017c\u00f3\u0142tymi kwiatami zebranymi w koszyczki. Ro\u015blina ta rozmna\u017ca si\u0119 z nasion i przez podzia\u0142 korzenia. Cz\u0119\u015bci\u0105 lecznicz\u0105 tej ro\u015bliny jest cz\u0119\u015b\u0107 nadziemna, a dok\u0142adniej kwitn\u0105ce ziele i kwiaty. G\u0142\u00f3wne substancje, kt\u00f3re zawieraj\u0105 to toksyczny \u03b2-tujon, kamfora, borneol, 1,8-cyneol, sabinen i \u03b1-pinen. Wrotycz posiada w\u0142a\u015bciwo\u015bci przeciwpaso\u017cytnicze, co zosta\u0142o sprawdzone na pe\u0142zakach wolno \u017cyj\u0105cych w warunkach in vitro.<\/p>\n\n\n<div class=\"wp-block-image\">\n<figure class=\"aligncenter size-full is-resized\"><img loading=\"lazy\" decoding=\"async\" src=\"https:\/\/dawidnow.whshost.com\/Fitoterapia\/wp-content\/uploads\/2023\/04\/Wrotycz.jpg\" alt=\"\" class=\"wp-image-262\" width=\"677\" height=\"451\" srcset=\"https:\/\/dawidnow.whshost.com\/Fitoterapia\/wp-content\/uploads\/2023\/04\/Wrotycz.jpg 425w, https:\/\/dawidnow.whshost.com\/Fitoterapia\/wp-content\/uploads\/2023\/04\/Wrotycz-300x200.jpg 300w\" sizes=\"auto, (max-width: 677px) 100vw, 677px\" \/><\/figure>\n<\/div>","protected":false},"excerpt":{"rendered":"<p>Wrotycz pospolity to bylina nale\u017c\u0105ca do rodziny Asteraceae, kt\u00f3ra jest ro\u015blin\u0105 lecznicz\u0105 z d\u0142ug\u0105 histori\u0105&#8230;<\/p>\n","protected":false},"author":1,"featured_media":0,"parent":0,"menu_order":0,"comment_status":"closed","ping_status":"closed","template":"","meta":{"footnotes":""},"class_list":["post-117","page","type-page","status-publish","hentry"],"_links":{"self":[{"href":"https:\/\/dawidnow.whshost.com\/Fitoterapia\/wp-json\/wp\/v2\/pages\/117","targetHints":{"allow":["GET"]}}],"collection":[{"href":"https:\/\/dawidnow.whshost.com\/Fitoterapia\/wp-json\/wp\/v2\/pages"}],"about":[{"href":"https:\/\/dawidnow.whshost.com\/Fitoterapia\/wp-json\/wp\/v2\/types\/page"}],"author":[{"embeddable":true,"href":"https:\/\/dawidnow.whshost.com\/Fitoterapia\/wp-json\/wp\/v2\/users\/1"}],"replies":[{"embeddable":true,"href":"https:\/\/dawidnow.whshost.com\/Fitoterapia\/wp-json\/wp\/v2\/comments?post=117"}],"version-history":[{"count":3,"href":"https:\/\/dawidnow.whshost.com\/Fitoterapia\/wp-json\/wp\/v2\/pages\/117\/revisions"}],"predecessor-version":[{"id":263,"href":"https:\/\/dawidnow.whshost.com\/Fitoterapia\/wp-json\/wp\/v2\/pages\/117\/revisions\/263"}],"wp:attachment":[{"href":"https:\/\/dawidnow.whshost.com\/Fitoterapia\/wp-json\/wp\/v2\/media?parent=117"}],"curies":[{"name":"wp","href":"https:\/\/api.w.org\/{rel}","templated":true}]}}